862 and 134.
134
What is the greatest common divisor of 28 and 2873738?
14
What is the greatest common divisor of 40980 and 300?
60
Calculate the greatest common factor of 34644 and 108.
12
What is the greatest common divisor of 990 and 11720?
10
What is the greatest common factor of 394878 and 242?
22
Calculate the greatest common divisor of 2255 and 4785.
55
Calculate the greatest common factor of 90991 and 19.
19
What is the highest common divisor of 184566 and 912?
114
What is the greatest common factor of 30065 and 224?
7
Calculate the greatest common divisor of 29502 and 990.
198
Calculate the greatest common factor of 183 and 30927.
183
What is the greatest common divisor of 14464 and 48?
16
What is the greatest common divisor of 96 and 1033504?
32
What is the highest common divisor of 96708 and 24?
12
Calculate the greatest common factor of 15686275 and 275.
275
What is the greatest common factor of 4734 and 8604?
18
What is the highest common divisor of 1312 and 928?
32
What is the greatest common factor of 5886 and 5341?
109
Calculate the highest common factor of 2148 and 237.
3
What is the greatest common factor of 2 and 227294?
2
Calculate the highest common factor of 374 and 155397.
187
What is the greatest common divisor of 19868 and 48?
4
Calculate the greatest common divisor of 246 and 1498181.
41
What is the greatest common divisor of 62942 and 22?
22
What is the greatest common factor of 33972 and 84?
12
What is the highest common factor of 153000 and 8000?
1000
Calculate the highest common divisor of 285 and 604410.
15
What is the greatest common factor of 36185 and 10?
5
What is the greatest common divisor of 18096 and 104?
104
Calculate the highest common divisor of 58 and 141868.
58
Calculate the greatest common divisor of 232 and 40.
8
Calculate the greatest common divisor of 89088 and 2688.
384
Calculate the highest common factor of 870604 and 34.
34
Calculate the highest common divisor of 432 and 114876.
36
What is the highest common factor of 12 and 46050?
6
What is the greatest common factor of 210 and 30618?
42
Calculate the highest common factor of 165 and 45375.
165
What is the highest common factor of 1275 and 1185?
15
What is the greatest common factor of 480 and 67040?
160
What is the highest common factor of 2744 and 3528?
392
What is the highest common factor of 966 and 15249?
69
What is the highest common divisor of 24235 and 61420?
185
Calculate the highest common factor of 37 and 103711.
37
Calculate the greatest common factor of 188 and 28388.
188
What is the greatest common factor of 13893300 and 2154?
2154
What is the highest common divisor of 212 and 159?
53
What is the highest common factor of 14213 and 2330?
233
What is the highest common factor of 117832 and 12727?
143
Calculate the highest common divisor of 28 and 81564.
28
Calculate the highest common divisor of 1112 and 5344.
8
What is the highest common factor of 29 and 1331?
1
Calculate the greatest common divisor of 207 and 13707.
9
What is the greatest common factor of 6858 and 15282?
54
Calculate the highest common divisor of 6509 and 30521.
23
Calculate the greatest common factor of 7708 and 5546.
94
Calculate the greatest common divisor of 126430 and 1410.
470
Calculate the highest common divisor of 13317 and 4632.
579
Calculate the highest common divisor of 17444 and 6272.
196
Calculate the highest common divisor of 1430 and 4810.
130
What is the greatest common divisor of 34239 and 2034?
339
Calculate the greatest common divisor of 44 and 1125487.
11
What is the highest common divisor of 2740 and 50?
10
What is the greatest common divisor of 35090 and 1870?
110
Calculate the highest common factor of 192 and 619968.
192
What is the greatest common factor of 88 and 7491?
11
Calculate the highest common factor of 18496 and 1408.
64
What is the highest common factor of 30 and 2230?
10
Calculate the greatest common factor of 326070 and 90.
90
What is the greatest common divisor of 6048 and 73521?
189
Calculate the highest common factor of 40631 and 11357.
41
Calculate the greatest common divisor of 3248 and 560.
112
Calculate the highest common factor of 278784 and 88.
88
Calculate the highest common divisor of 11055 and 253.
11
What is the greatest common divisor of 44 and 17963?
11
Calculate the highest common divisor of 34929 and 45.
9
What is the highest common factor of 1495 and 256243?
299
What is the highest common factor of 30555 and 224?
7
What is the highest common factor of 19 and 11336426?
19
Calculate the greatest common divisor of 189 and 9051.
21
Calculate the highest common factor of 28 and 468552.
28
Calculate the highest common factor of 102176 and 18352.
496
Calculate the greatest common divisor of 390513 and 9.
3
Calculate the highest common divisor of 240 and 1536.
48
Calculate the greatest common factor of 2617 and 16.
1
Calculate the greatest common factor of 398610 and 279.
9
What is the highest common factor of 15637 and 76?
19
What is the greatest common factor of 4711043 and 1151?
1151
Calculate the greatest common factor of 6232 and 13528.
152
Calculate the highest common divisor of 212028 and 8.
4
What is the highest common divisor of 63 and 110719?
7
Calculate the greatest common divisor of 9776 and 2162.
94
What is the greatest common divisor of 9548 and 1309?
77
What is the greatest common factor of 1 and 25671?
1
What is the highest common factor of 76 and 931?
19
Calculate the highest common factor of 41832 and 16.
8
What is the highest common divisor of 6 and 55938?
6
What is the greatest common divisor of 68511 and 123?
123
What is the highest common divisor of 120 and 49515?
15
What is the highest common divisor of 89882 and 1534?
26
Calculate the highest common divisor of 96 and 147216.
48
Calculate the greatest common divisor of 73 and 257.
1
What is the highest common factor of 14949 and 8909?
151
What is the highest common factor of 154 and 79057?
11
What is the highest common factor of 256 and 1816?
8
What is the greatest common factor of 59 and 7619496?
59
What is the greatest common divisor of 5890 and 230?
10
Calculate the highest common divisor of 620 and 85684.
124
Calculate the highest common divisor of 318 and 34238.
106
Calculate the greatest common divisor of 80 and 27320.
40
What is the highest common divisor of 104951 and 94?
47
What is the greatest common factor of 16 and 15873376?
16
Calculate the greatest common factor of 1072 and 4432.
16
What is the highest common factor of 103 and 13?
1
Calculate the greatest common factor of 799 and 33699.
47
What is the greatest common factor of 549 and 1008?
9
Calculate the highest common divisor of 8 and 1134.
2
What is the highest common divisor of 56 and 18263?
7
Calculate the highest common divisor of 87314 and 1758.
586
Calculate the greatest common factor of 5917 and 1159.
61
What is the greatest common divisor of 42696 and 32?
8
Calculate the greatest common divisor of 21624 and 312.
24
What is the highest common factor of 98116 and 532?
76
What is the greatest common factor of 56 and 6538?
14
What is the greatest common divisor of 850 and 6834?
34
What is the greatest common divisor of 38973 and 87?
3
Calculate the highest common divisor of 71964 and 396.
36
What is the greatest common factor of 5370 and 368382?
1074
What is the greatest common factor of 1398 and 534?
6
What is the highest common divisor of 132 and 12903?
33
What is the greatest common factor of 7773 and 21?
3
What is the greatest common factor of 32 and 939376?
16
What is the highest common divisor of 42920 and 31320?
1160
What is the highest common divisor of 224 and 431648?
224
What is the greatest common factor of 23821 and 7553?
581
What is the greatest common divisor of 13077 and 1971?
9
What is the highest common divisor of 14 and 106162?
14
What is the greatest common divisor of 47 and 103165?
47
What is the greatest common divisor of 735941 and 89?
89
What is the greatest common factor of 1519 and 15903?
31
What is the highest common divisor of 14 and 2206106?
14
What is the greatest common factor of 6528 and 697?
17
What is the greatest common factor of 60 and 126190?
10
What is the highest common factor of 1005 and 85?
5
What is the greatest common factor of